{"id":1362,"date":"2016-04-08T15:19:44","date_gmt":"2016-04-08T15:19:44","guid":{"rendered":"http:\/\/en-accord.fr\/?post_type=product&#038;p=1362"},"modified":"2024-03-23T14:45:13","modified_gmt":"2024-03-23T14:45:13","slug":"4-soins-energetiques-dune-heure","status":"publish","type":"product","link":"https:\/\/en-accord.fr\/index.php\/produit\/4-soins-energetiques-dune-heure\/","title":{"rendered":"4 soins \u00e9nerg\u00e9tiques d&rsquo;une heure (sans date limite)"},"content":{"rendered":"<p>4 soins pour\u00a0<strong>220 \u20ac au lieu de 260 \u20ac, soit le soin \u00e0 55\u00a0\u20ac<\/strong>.<\/p>\n<p>Si vous sentez que vous allez avoir envie ou besoin de revenir me voir, si une douleur particulier vous fait souffrir par exemple, ou si vous \u00eates \u00e0 un moment de votre vie o\u00f9 vous avez envie de prendre soin de vous et de votre corps, choisissez la formule 4 soins pour un tarif pr\u00e9f\u00e9rentiel, sans date limite d&rsquo;utilisation, et utilisable par d&rsquo;autres membres de votre famille aussi. Offrez vous ou offrez une heure de bien-\u00eatre physique et int\u00e9rieur, \u00e0 renouveler autant de fois que n\u00e9cessaire!<\/p>\n<p><i class=\"icon_shortcode sanabel_shortcode_1  fa fa-arrow-right icon_align_center\" style=\"color:#5AA1E3; \"><\/i> <a href=\"http:\/\/en-accord.fr\/index.php\/etre-aligne\/\">\u00catre align\u00e9<\/a><br \/>\n<i class=\"icon_shortcode sanabel_shortcode_2  fa fa-arrow-right icon_align_center\" style=\"color:#5AA1E3; \"><\/i> <a href=\"http:\/\/en-accord.fr\/index.php\/therapie-cranio-sacree\/\">Th\u00e9rapie Cranio-Sacr\u00e9e<\/a><br \/>\n<i class=\"icon_shortcode sanabel_shortcode_3  fa fa-arrow-right icon_align_center\" style=\"color:#5AA1E3; \"><\/i> <a href=\"http:\/\/en-accord.fr\/index.php\/reiki\/\">Reiki<\/a><\/p>\n","protected":false},"excerpt":{"rendered":"<p>4 soins d&rsquo;1h<\/p>\n","protected":false},"featured_media":1211,"comment_status":"open","ping_status":"closed","template":"","meta":[],"product_cat":[18],"product_tag":[],"class_list":["post-1362","product","type-product","status-publish","has-post-thumbnail","hentry","product_cat-soins"],"_links":{"self":[{"href":"https:\/\/en-accord.fr\/index.php\/wp-json\/wp\/v2\/product\/1362","targetHints":{"allow":["GET"]}}],"collection":[{"href":"https:\/\/en-accord.fr\/index.php\/wp-json\/wp\/v2\/product"}],"about":[{"href":"https:\/\/en-accord.fr\/index.php\/wp-json\/wp\/v2\/types\/product"}],"replies":[{"embeddable":true,"href":"https:\/\/en-accord.fr\/index.php\/wp-json\/wp\/v2\/comments?post=1362"}],"wp:featuredmedia":[{"embeddable":true,"href":"https:\/\/en-accord.fr\/index.php\/wp-json\/wp\/v2\/media\/1211"}],"wp:attachment":[{"href":"https:\/\/en-accord.fr\/index.php\/wp-json\/wp\/v2\/media?parent=1362"}],"wp:term":[{"taxonomy":"product_cat","embeddable":true,"href":"https:\/\/en-accord.fr\/index.php\/wp-json\/wp\/v2\/product_cat?post=1362"},{"taxonomy":"product_tag","embeddable":true,"href":"https:\/\/en-accord.fr\/index.php\/wp-json\/wp\/v2\/product_tag?post=1362"}],"curies":[{"name":"wp","href":"https:\/\/api.w.org\/{rel}","templated":true}]}}