{"id":1360,"date":"2016-04-08T15:14:24","date_gmt":"2016-04-08T15:14:24","guid":{"rendered":"http:\/\/en-accord.fr\/?post_type=product&#038;p=1360"},"modified":"2025-06-11T22:52:12","modified_gmt":"2025-06-11T22:52:12","slug":"1h-de-soin-energetique-therapie-cranio-sacree","status":"publish","type":"product","link":"https:\/\/en-accord.fr\/index.php\/produit\/1h-de-soin-energetique-therapie-cranio-sacree\/","title":{"rendered":"1 h de Soin \u00e9nerg\u00e9tique \/ Th\u00e9rapie cranio-sacr\u00e9e"},"content":{"rendered":"<p>Venir passer une heure sur ma table, c\u2019est s&rsquo;offrir une heure de bien-\u00eatre physique et int\u00e9rieur; c\u2019est se donner un temps pour soi, une pause dont on ressort \u00abr\u00e9-accord\u00e9\u00bb, centr\u00e9, ancr\u00e9 et all\u00e9g\u00e9. Un temps pour passer aussi de la douleur \u00e0 la douceur, quand on souffre.<\/p>\n<p><i class=\"icon_shortcode sanabel_shortcode_1  fa fa-arrow-right icon_align_center\" style=\"color:#5AA1E3; \"><\/i> <a href=\"http:\/\/en-accord.fr\/index.php\/etre-aligne\/\">\u00catre align\u00e9<\/a><br \/>\n<i class=\"icon_shortcode sanabel_shortcode_2  fa fa-arrow-right icon_align_center\" style=\"color:#5AA1E3; \"><\/i> <a href=\"http:\/\/en-accord.fr\/index.php\/therapie-cranio-sacree\/\">Th\u00e9rapie Cranio-Sacr\u00e9e<\/a><br \/>\n<i class=\"icon_shortcode sanabel_shortcode_3  fa fa-arrow-right icon_align_center\" style=\"color:#5AA1E3; \"><\/i> <a href=\"http:\/\/en-accord.fr\/index.php\/reiki\/\">Reiki<\/a><\/p>\n","protected":false},"excerpt":{"rendered":"<p>Soin \u00e9nerg\u00e9tique \/ Th\u00e9rapie cranio-sacr\u00e9e d&rsquo;1 h<\/p>\n","protected":false},"featured_media":1188,"comment_status":"open","ping_status":"closed","template":"","meta":[],"product_cat":[18],"product_tag":[],"class_list":["post-1360","product","type-product","status-publish","has-post-thumbnail","hentry","product_cat-soins"],"_links":{"self":[{"href":"https:\/\/en-accord.fr\/index.php\/wp-json\/wp\/v2\/product\/1360","targetHints":{"allow":["GET"]}}],"collection":[{"href":"https:\/\/en-accord.fr\/index.php\/wp-json\/wp\/v2\/product"}],"about":[{"href":"https:\/\/en-accord.fr\/index.php\/wp-json\/wp\/v2\/types\/product"}],"replies":[{"embeddable":true,"href":"https:\/\/en-accord.fr\/index.php\/wp-json\/wp\/v2\/comments?post=1360"}],"wp:featuredmedia":[{"embeddable":true,"href":"https:\/\/en-accord.fr\/index.php\/wp-json\/wp\/v2\/media\/1188"}],"wp:attachment":[{"href":"https:\/\/en-accord.fr\/index.php\/wp-json\/wp\/v2\/media?parent=1360"}],"wp:term":[{"taxonomy":"product_cat","embeddable":true,"href":"https:\/\/en-accord.fr\/index.php\/wp-json\/wp\/v2\/product_cat?post=1360"},{"taxonomy":"product_tag","embeddable":true,"href":"https:\/\/en-accord.fr\/index.php\/wp-json\/wp\/v2\/product_tag?post=1360"}],"curies":[{"name":"wp","href":"https:\/\/api.w.org\/{rel}","templated":true}]}}