{"id":1165,"date":"2016-03-21T16:23:55","date_gmt":"2016-03-21T16:23:55","guid":{"rendered":"http:\/\/en-accord.fr\/?post_type=product&#038;p=1165"},"modified":"2016-04-08T13:59:45","modified_gmt":"2016-04-08T13:59:45","slug":"seance-bilan-et-decouverte","status":"publish","type":"product","link":"https:\/\/en-accord.fr\/index.php\/produit\/seance-bilan-et-decouverte\/","title":{"rendered":"S\u00e9ance bilan et d\u00e9couverte"},"content":{"rendered":"<p>Offrez vous 45 minutes pour d\u00e9couvrir les soins, cours et produits que je propose.<\/p>\n<p><strong>BONUS<\/strong> : 10 \u20ac offerts sur les soins ou les cours suite \u00e0 une s\u00e9ance bilan et d\u00e9couverte<\/p>\n<p>Un temps pour soi, pour faire un bilan sur sa sant\u00e9, et d\u00e9couvrir comment am\u00e9liorer votre bien-\u00eatre gr\u00e2ce \u00e0 la gamme des pratiques \u00e9nerg\u00e9tiques que je propose ou que je recommande. Prenez rendez-vous avec vous-m\u00eame : venez et nous discuterons de vos besoins, de vos attentes, de vos envies de changement dans le domaine du bien \u00eatre et de la sant\u00e9 \u2013 ou de changements plus personnels, et nous trouverons ensemble des conseils personnalis\u00e9s \u2013 ce sera un projet \u00e0 construire entre vous et moi, pour \u00e9nergiser votre vie.<\/p>\n<p>Vous pourrez notamment :<\/p>\n<ul>\n<li>\u00e9tablir un bilan de votre sant\u00e9 et bien-\u00eatre physique et int\u00e9rieur<\/li>\n<li>comprendre ce qu\u2019est la Th\u00e9rapie Cranio-Sacr\u00e9e et ce qu\u2019elle peut vous apporter<\/li>\n<li>faire votre bilan \u00abBioAge\u00bb : gr\u00e2ce \u00e0 un appareil qui mesure l\u2019\u00e2ge r\u00e9el de vos art\u00e8res, en testant leur souplesse notamment, cela vous donnera une indication pr\u00e9cieuse sur votre sant\u00e9 cardiovasculaire.<\/li>\n<li>discuter des bienfaits des soins \u00e9nerg\u00e9tiques et des cours que je propose<\/li>\n<li>d\u00e9couvrir les bienfaits des compl\u00e9ments alimentaires de la gamme Synergy WorldWide &#8211; et les go\u00fbter si vous le souhaitez<\/li>\n<li>d\u00e9terminer un plan d\u2019action personnalis\u00e9 pour vous lancer, \u00e9tape par \u00e9tape<\/li>\n<\/ul>\n<p>Selon vos besoins et vos attentes, je vous recommanderai peut \u00eatre aussi d\u2019autres th\u00e9rapies et th\u00e9rapeutes, d\u2019autres produits ou programmes que je ne propose pas moi-m\u00eame, mais qui pourraient vous faire du bien.<\/p>\n","protected":false},"excerpt":{"rendered":"<p>Un temps pour soi, pour faire un bilan sur sa sant\u00e9, et d\u00e9couvrir comment am\u00e9liorer votre bien-\u00eatre gr\u00e2ce \u00e0 la gamme des pratiques \u00e9nerg\u00e9tiques que je propose ou que je recommande.<\/p>\n","protected":false},"featured_media":1239,"comment_status":"closed","ping_status":"closed","template":"","meta":[],"product_cat":[13],"product_tag":[],"class_list":["post-1165","product","type-product","status-publish","has-post-thumbnail","hentry","product_cat-bons-cadeaux"],"_links":{"self":[{"href":"https:\/\/en-accord.fr\/index.php\/wp-json\/wp\/v2\/product\/1165","targetHints":{"allow":["GET"]}}],"collection":[{"href":"https:\/\/en-accord.fr\/index.php\/wp-json\/wp\/v2\/product"}],"about":[{"href":"https:\/\/en-accord.fr\/index.php\/wp-json\/wp\/v2\/types\/product"}],"replies":[{"embeddable":true,"href":"https:\/\/en-accord.fr\/index.php\/wp-json\/wp\/v2\/comments?post=1165"}],"wp:featuredmedia":[{"embeddable":true,"href":"https:\/\/en-accord.fr\/index.php\/wp-json\/wp\/v2\/media\/1239"}],"wp:attachment":[{"href":"https:\/\/en-accord.fr\/index.php\/wp-json\/wp\/v2\/media?parent=1165"}],"wp:term":[{"taxonomy":"product_cat","embeddable":true,"href":"https:\/\/en-accord.fr\/index.php\/wp-json\/wp\/v2\/product_cat?post=1165"},{"taxonomy":"product_tag","embeddable":true,"href":"https:\/\/en-accord.fr\/index.php\/wp-json\/wp\/v2\/product_tag?post=1165"}],"curies":[{"name":"wp","href":"https:\/\/api.w.org\/{rel}","templated":true}]}}

Séance bilan et découverte

<p>Offrez vous 45 minutes pour découvrir les soins, cours et produits que je propose.</p>
<p><strong>BONUS</strong> : 10 € offerts sur les soins ou les cours suite à une séance bilan et découverte</p>
<p>Un temps pour soi, pour faire un bilan sur sa santé, et découvrir comment améliorer votre bien-être grâce à la gamme des pratiques énergétiques que je propose ou que je recommande. Prenez rendez-vous avec vous-même : venez et nous discuterons de vos besoins, de vos attentes, de vos envies de changement dans le domaine du bien être et de la santé – ou de changements plus personnels, et nous trouverons ensemble des conseils personnalisés – ce sera un projet à construire entre vous et moi, pour énergiser votre vie.</p>
<p>Vous pourrez notamment :</p>
<ul>
<li>établir un bilan de votre santé et bien-être physique et intérieur</li>
<li>comprendre ce qu’est la Thérapie Cranio-Sacrée et ce qu’elle peut vous apporter</li>
<li>faire votre bilan «BioAge» : grâce à un appareil qui mesure l’âge réel de vos artères, en testant leur souplesse notamment, cela vous donnera une indication précieuse sur votre santé cardiovasculaire.</li>
<li>discuter des bienfaits des soins énergétiques et des cours que je propose</li>
<li>découvrir les bienfaits des compléments alimentaires de la gamme Synergy WorldWide &#8211; et les goûter si vous le souhaitez</li>
<li>déterminer un plan d’action personnalisé pour vous lancer, étape par étape</li>
</ul>
<p>Selon vos besoins et vos attentes, je vous recommanderai peut être aussi d’autres thérapies et thérapeutes, d’autres produits ou programmes que je ne propose pas moi-même, mais qui pourraient vous faire du bien.</p>

<p>Un temps pour soi, pour faire un bilan sur sa santé, et découvrir comment améliorer votre bien-être grâce à la gamme des pratiques énergétiques que je propose ou que je recommande.</p>
