{"id":1134,"date":"2016-03-15T13:43:34","date_gmt":"2016-03-15T13:43:34","guid":{"rendered":"http:\/\/en-accord.fr\/?post_type=product&#038;p=1134"},"modified":"2016-03-22T19:02:31","modified_gmt":"2016-03-22T19:02:31","slug":"mistify","status":"publish","type":"product","link":"https:\/\/en-accord.fr\/index.php\/produit\/mistify\/","title":{"rendered":"Mistify"},"content":{"rendered":"<p>Cette bouteille est une bombe d\u2019antioxydants naturels et de vitamines. Le Mistify favorise le syst\u00e8me immunitaire, limite le vieillissement des cellules, et le stress oxydatif. Il nettoie notre sang des radicaux libres. Les radicaux libres sont des corps \u00e9trangers dans le sang, tels les additifs alimentaires, plastiques, m\u00e9taux, produits chimiques et pesticides.<\/p>\n<p>C\u2019est aussi un anti-inflammatoire puissant, ce qui est utile en cas de maladies, op\u00e9rations etc.<\/p>\n<p><strong>Ingr\u00e9dients :<\/strong> C\u2019est une combinaison naturelle de 7 fruits: l\u2019a\u00e7ai, le raisin, la myrtille, la framboise, la canneberge, la baie de Goji, la grenade, combin\u00e9 \u00e0 la vitamine B6 et au th\u00e9 vert d\u00e9caf\u00e9in\u00e9.<\/p>\n<p><strong>Le mot d\u2019Isabelle\u00a0:<\/strong> Un petit verre le matin \u00e0 jeun. En cure, jusqu\u2019\u00e0 la fin de la bouteille. A renouveler aussi souvent que n\u00e9cessaire pour rester jeune \u00e0 l\u2019int\u00e9rieur comme \u00e0 l\u2019ext\u00e9rieur !<\/p>\n<p>&nbsp;<\/p>\n<p style=\"text-align: center;\"><i class=\"icon_shortcode sanabel_shortcode_1  fa fa-star icon_align_center\" ><\/i><\/p>\n<p>&nbsp;<\/p>\n<p><strong>Conseils d&rsquo;utilisation :<\/strong> Boire une dose de 30ml, 1 \u00e0 2 fois par jour. Conserver au r\u00e9frig\u00e9rateur apr\u00e8s ouverture.<\/p>\n<p>1 bouteille de Mistify permet de prendre une dose par jour pendant 1 mois.<\/p>\n<p>Ceci est la dose de base. Dans certains cas, un dosage plus \u00e9lev\u00e9 est recommand\u00e9, au moins temporairement, en accompagnement de m\u00e9dicaments et traitements et autour d\u2019interventions chirurgicales notamment. Nous consulter.<\/p>\n<p>Ce produit est un compl\u00e9ment alimentaire et ne remplace pas une alimentation vari\u00e9e et \u00e9quilibr\u00e9e et un mode de vie sain.<\/p>\n<p>&nbsp;<\/p>\n","protected":false},"excerpt":{"rendered":"<p>Cette bouteille est une bombe d\u2019antioxydants naturels et de vitamines. Le Mistify favorise le syst\u00e8me immunitaire, limite le vieillissement des cellules, et le stress oxydatif. Il nettoie notre sang des radicaux libres. Les radicaux libres sont des corps \u00e9trangers dans le sang, tels les additifs alimentaires, plastiques, m\u00e9taux, produits chimiques et pesticides.<\/p>\n","protected":false},"featured_media":1168,"comment_status":"closed","ping_status":"closed","template":"","meta":[],"product_cat":[14],"product_tag":[],"class_list":["post-1134","product","type-product","status-publish","has-post-thumbnail","hentry","product_cat-synergy-worldwide"],"_links":{"self":[{"href":"https:\/\/en-accord.fr\/index.php\/wp-json\/wp\/v2\/product\/1134","targetHints":{"allow":["GET"]}}],"collection":[{"href":"https:\/\/en-accord.fr\/index.php\/wp-json\/wp\/v2\/product"}],"about":[{"href":"https:\/\/en-accord.fr\/index.php\/wp-json\/wp\/v2\/types\/product"}],"replies":[{"embeddable":true,"href":"https:\/\/en-accord.fr\/index.php\/wp-json\/wp\/v2\/comments?post=1134"}],"wp:featuredmedia":[{"embeddable":true,"href":"https:\/\/en-accord.fr\/index.php\/wp-json\/wp\/v2\/media\/1168"}],"wp:attachment":[{"href":"https:\/\/en-accord.fr\/index.php\/wp-json\/wp\/v2\/media?parent=1134"}],"wp:term":[{"taxonomy":"product_cat","embeddable":true,"href":"https:\/\/en-accord.fr\/index.php\/wp-json\/wp\/v2\/product_cat?post=1134"},{"taxonomy":"product_tag","embeddable":true,"href":"https:\/\/en-accord.fr\/index.php\/wp-json\/wp\/v2\/product_tag?post=1134"}],"curies":[{"name":"wp","href":"https:\/\/api.w.org\/{rel}","templated":true}]}}