{"id":1109,"date":"2016-03-15T09:32:09","date_gmt":"2016-03-15T09:32:09","guid":{"rendered":"http:\/\/en-accord.fr\/?post_type=product&#038;p=1109"},"modified":"2016-03-24T17:16:37","modified_gmt":"2016-03-24T17:16:37","slug":"e9","status":"publish","type":"product","link":"https:\/\/en-accord.fr\/index.php\/produit\/e9\/","title":{"rendered":"E9"},"content":{"rendered":"<p>Une boisson \u00e9nergisante enti\u00e8rement naturelle. Pour les matins ou on se sent fatigu\u00e9 et o\u00f9 m\u00eame notre cerveau ne veut pas se r\u00e9veiller !<\/p>\n<p>Aide aussi \u00e0 la perte de poids avec son effet br\u00fble graisse, se combine donc tr\u00e8s bien avec le SLM en p\u00e9riode de recherche d\u2019amaigrissement.<\/p>\n<p>Le E9 a une teneur \u00e9lev\u00e9e en vitamines B et vitamine C, lesquelles contribuent \u00e0 un m\u00e9tabolisme \u00e9nerg\u00e9tique normal. Quand vous ressentez le besoin de vous sentir \u00e9nergique, m\u00e9langez un sachet d\u2019E9 et fa\u00eetes la diff\u00e9rence.<\/p>\n<p><strong>Ingr\u00e9dients :<\/strong> l-arginine, guarana, yerba mate, vitamines C, B6 et B12.<\/p>\n<p><strong>Le mot d\u2019Isabelle :<\/strong> Une dose de E9 et on repart ! En sachets individuels faciles \u00e0 transporter !<\/p>\n<p>&nbsp;<\/p>\n<p style=\"text-align: center;\"><i class=\"icon_shortcode sanabel_shortcode_1  fa fa-star icon_align_center\" ><\/i><\/p>\n<p>&nbsp;<\/p>\n<p><strong>Conseils d&rsquo;utilisation :<\/strong> M\u00e9langer 1 dose (1 sachet) avec 240 ml d\u2019eau. Remuer ou secouer jusqu\u2019\u00e0 dissolution. La dose sugg\u00e9r\u00e9e est 1 sachet par jour.<\/p>\n<p>1 bo\u00eete de E9 contient 30 sachets individuels, permettant de prendre 1 dose par jour pendant 30 jours ou de l\u2019utiliser en fonction des besoins et de son niveau d\u2019\u00e9nergie.<\/p>\n<p>Ce produit est un compl\u00e9ment alimentaire et ne remplace pas une alimentation vari\u00e9e et \u00e9quilibr\u00e9e et un mode de vie sain.<\/p>\n","protected":false},"excerpt":{"rendered":"<p>Une boisson \u00e9nergisante enti\u00e8rement naturelle. Pour les matins ou on se sent fatigu\u00e9 et o\u00f9 m\u00eame notre cerveau ne veut pas se r\u00e9veiller !<br \/>\nAide aussi \u00e0 la perte de poids avec son effet br\u00fble graisse, se combine donc tr\u00e8s bien avec le SLM en p\u00e9riode de recherche d\u2019amaigrissement.<\/p>\n","protected":false},"featured_media":1167,"comment_status":"closed","ping_status":"closed","template":"","meta":[],"product_cat":[14],"product_tag":[],"class_list":["post-1109","product","type-product","status-publish","has-post-thumbnail","hentry","product_cat-synergy-worldwide"],"_links":{"self":[{"href":"https:\/\/en-accord.fr\/index.php\/wp-json\/wp\/v2\/product\/1109","targetHints":{"allow":["GET"]}}],"collection":[{"href":"https:\/\/en-accord.fr\/index.php\/wp-json\/wp\/v2\/product"}],"about":[{"href":"https:\/\/en-accord.fr\/index.php\/wp-json\/wp\/v2\/types\/product"}],"replies":[{"embeddable":true,"href":"https:\/\/en-accord.fr\/index.php\/wp-json\/wp\/v2\/comments?post=1109"}],"wp:featuredmedia":[{"embeddable":true,"href":"https:\/\/en-accord.fr\/index.php\/wp-json\/wp\/v2\/media\/1167"}],"wp:attachment":[{"href":"https:\/\/en-accord.fr\/index.php\/wp-json\/wp\/v2\/media?parent=1109"}],"wp:term":[{"taxonomy":"product_cat","embeddable":true,"href":"https:\/\/en-accord.fr\/index.php\/wp-json\/wp\/v2\/product_cat?post=1109"},{"taxonomy":"product_tag","embeddable":true,"href":"https:\/\/en-accord.fr\/index.php\/wp-json\/wp\/v2\/product_tag?post=1109"}],"curies":[{"name":"wp","href":"https:\/\/api.w.org\/{rel}","templated":true}]}}