{"id":919,"date":"2016-02-10T16:31:55","date_gmt":"2016-02-10T16:31:55","guid":{"rendered":"http:\/\/en-accord.fr\/?page_id=919"},"modified":"2016-04-10T16:47:00","modified_gmt":"2016-04-10T16:47:00","slug":"reiki","status":"publish","type":"page","link":"https:\/\/en-accord.fr\/index.php\/reiki\/","title":{"rendered":"Reiki"},"content":{"rendered":"<p>[vc_row][vc_column width=\u00a0\u00bb1\/4&Prime;][\/vc_column][vc_column width=\u00a0\u00bb1\/2&Prime;][vc_column_text]<\/p>\n<h2 style=\"text-align: center;\">Reiki<\/h2>\n<p>[\/vc_column_text][\/vc_column][vc_column width=\u00a0\u00bb1\/4&Prime;][\/vc_column][\/vc_row][vc_row][vc_column width=\u00a0\u00bb1\/4&Prime;][vc_single_image image=\u00a0\u00bb1211&Prime; img_size=\u00a0\u00bb300&#215;450&Prime; style=\u00a0\u00bbvc_box_rounded\u00a0\u00bb][\/vc_column][vc_column width=\u00a0\u00bb1\/2&Prime;][vc_column_text]Le Reiki est une m\u00e9thode de soins japonaise, bas\u00e9e sur le r\u00e9\u00e9quilibrage de l&rsquo;\u00e9nergie universelle de vie gr\u00e2ce au toucher et \u00e0 l&rsquo;apposition des mains. Il enclenche le processus de gu\u00e9rison naturel et touche au physique, au mental, \u00e0 l&rsquo;\u00e9motionnel et au spirituel.<\/p>\n<p>Le mot japonais Reiki signifie \u00ab\u00a0\u00e9nergie universelle de vie\u00a0\u00bb. Il vient de \u00ab\u00a0Rei\u00a0\u00bb, l&rsquo;aspect infini et cosmique de l&rsquo;\u00e9nergie, et de \u00ab\u00a0Ki\u00a0\u00bb, la part de cette \u00e9nergie vitale pr\u00e9sente en tout \u00eatre et en toute chose.<\/p>\n<p>Le Reiki permet aussi d&rsquo;acc\u00e9der plus facilement au bien \u00eatre, \u00e0 la m\u00e9ditation, \u00e0 l&rsquo;\u00e9l\u00e9vation spirituelle et au d\u00e9veloppement personnel. Malgr\u00e9 le fait que le Reiki soit de nature spirituelle, il n&rsquo;est li\u00e9 \u00e0 aucune religion, dogme ou croyance. Nul besoin de croire en quoi que ce soit pour pouvoir l&rsquo;apprendre ou le pratiquer. Il est d&rsquo;ailleurs accessible \u00e0 tous et des formations\/initiations sont possibles. Je suis Ma\u00eetre formatrice, parlons en si vous \u00eates intrigu\u00e9s![\/vc_column_text][\/vc_column][vc_column width=\u00a0\u00bb1\/4&Prime;][\/vc_column][\/vc_row]<\/p>\n","protected":false},"excerpt":{"rendered":"<p>[vc_row][vc_column width=\u00a0\u00bb1\/4&Prime;][\/vc_column][vc_column width=\u00a0\u00bb1\/2&Prime;][vc_column_text] Reiki [\/vc_column_text][\/vc_column][vc_column width=\u00a0\u00bb1\/4&Prime;][\/vc_column][\/vc_row][vc_row][vc_column width=\u00a0\u00bb1\/4&Prime;][vc_single_image image=\u00a0\u00bb1211&Prime; img_size=\u00a0\u00bb300&#215;450&Prime; style=\u00a0\u00bbvc_box_rounded\u00a0\u00bb][\/vc_column][vc_column width=\u00a0\u00bb1\/2&Prime;][vc_column_text]Le Reiki est une m\u00e9thode de soins japonaise, bas\u00e9e sur le r\u00e9\u00e9quilibrage de l&rsquo;\u00e9nergie universelle de vie gr\u00e2ce au toucher et \u00e0 l&rsquo;apposition des mains. Il enclenche le processus de gu\u00e9rison naturel et touche au physique, au mental, \u00e0 l&rsquo;\u00e9motionnel et au spirituel. Le mot [&hellip;]<\/p>\n","protected":false},"author":1,"featured_media":0,"parent":0,"menu_order":0,"comment_status":"closed","ping_status":"closed","template":"","meta":{"footnotes":""},"class_list":["post-919","page","type-page","status-publish","hentry"],"_links":{"self":[{"href":"https:\/\/en-accord.fr\/index.php\/wp-json\/wp\/v2\/pages\/919","targetHints":{"allow":["GET"]}}],"collection":[{"href":"https:\/\/en-accord.fr\/index.php\/wp-json\/wp\/v2\/pages"}],"about":[{"href":"https:\/\/en-accord.fr\/index.php\/wp-json\/wp\/v2\/types\/page"}],"author":[{"embeddable":true,"href":"https:\/\/en-accord.fr\/index.php\/wp-json\/wp\/v2\/users\/1"}],"replies":[{"embeddable":true,"href":"https:\/\/en-accord.fr\/index.php\/wp-json\/wp\/v2\/comments?post=919"}],"version-history":[{"count":15,"href":"https:\/\/en-accord.fr\/index.php\/wp-json\/wp\/v2\/pages\/919\/revisions"}],"predecessor-version":[{"id":1387,"href":"https:\/\/en-accord.fr\/index.php\/wp-json\/wp\/v2\/pages\/919\/revisions\/1387"}],"wp:attachment":[{"href":"https:\/\/en-accord.fr\/index.php\/wp-json\/wp\/v2\/media?parent=919"}],"curies":[{"name":"wp","href":"https:\/\/api.w.org\/{rel}","templated":true}]}}

<p>[vc_row][vc_column width= »1/4&Prime;][/vc_column][vc_column width= »1/2&Prime;][vc_column_text]</p>
<h2 style="text-align: center;">Reiki</h2>
<p>[/vc_column_text][/vc_column][vc_column width= »1/4&Prime;][/vc_column][/vc_row][vc_row][vc_column width= »1/4&Prime;][vc_single_image image= »1211&Prime; img_size= »300&#215;450&Prime; style= »vc_box_rounded »][/vc_column][vc_column width= »1/2&Prime;][vc_column_text]Le Reiki est une méthode de soins japonaise, basée sur le rééquilibrage de l&rsquo;énergie universelle de vie grâce au toucher et à l&rsquo;apposition des mains. Il enclenche le processus de guérison naturel et touche au physique, au mental, à l&rsquo;émotionnel et au spirituel.</p>
<p>Le mot japonais Reiki signifie « énergie universelle de vie ». Il vient de « Rei », l&rsquo;aspect infini et cosmique de l&rsquo;énergie, et de « Ki », la part de cette énergie vitale présente en tout être et en toute chose.</p>
<p>Le Reiki permet aussi d&rsquo;accéder plus facilement au bien être, à la méditation, à l&rsquo;élévation spirituelle et au développement personnel. Malgré le fait que le Reiki soit de nature spirituelle, il n&rsquo;est lié à aucune religion, dogme ou croyance. Nul besoin de croire en quoi que ce soit pour pouvoir l&rsquo;apprendre ou le pratiquer. Il est d&rsquo;ailleurs accessible à tous et des formations/initiations sont possibles. Je suis Maître formatrice, parlons en si vous êtes intrigués![/vc_column_text][/vc_column][vc_column width= »1/4&Prime;][/vc_column][/vc_row]</p>

<p>[vc_row][vc_column width= »1/4&Prime;][/vc_column][vc_column width= »1/2&Prime;][vc_column_text] Reiki [/vc_column_text][/vc_column][vc_column width= »1/4&Prime;][/vc_column][/vc_row][vc_row][vc_column width= »1/4&Prime;][vc_single_image image= »1211&Prime; img_size= »300&#215;450&Prime; style= »vc_box_rounded »][/vc_column][vc_column width= »1/2&Prime;][vc_column_text]Le Reiki est une méthode de soins japonaise, basée sur le rééquilibrage de l&rsquo;énergie universelle de vie grâce au toucher et à l&rsquo;apposition des mains. Il enclenche le processus de guérison naturel et touche au physique, au mental, à l&rsquo;émotionnel et au spirituel. Le mot [&hellip;]</p>
