{"id":33,"date":"2015-06-25T14:20:26","date_gmt":"2015-06-25T14:20:26","guid":{"rendered":"http:\/\/en-accord.fr\/?page_id=33"},"modified":"2016-04-13T09:06:34","modified_gmt":"2016-04-13T09:06:34","slug":"tarifs","status":"publish","type":"page","link":"https:\/\/en-accord.fr\/index.php\/tarifs\/","title":{"rendered":"Tarifs"},"content":{"rendered":"<p>[vc_row][vc_column][vc_empty_space height=\u00a0\u00bb15px\u00a0\u00bb][\/vc_column][\/vc_row][vc_row][vc_column width=\u00a0\u00bb1\/3&Prime;][\/vc_column][vc_column width=\u00a0\u00bb1\/3&Prime;][vc_column_text]<\/p>\n<h2 style=\"text-align: center;\"><strong>Tarifs<\/strong><\/h2>\n<p>[\/vc_column_text][\/vc_column][vc_column width=\u00a0\u00bb1\/3&Prime;][\/vc_column][\/vc_row][vc_row][vc_column width=\u00a0\u00bb1\/4&Prime;][vc_single_image image=\u00a0\u00bb1220&Prime; img_size=\u00a0\u00bb300&#215;450&Prime; style=\u00a0\u00bbvc_box_rounded\u00a0\u00bb css=\u00a0\u00bb.vc_custom_1458845105153{padding-right: 10px !important;}\u00a0\u00bb][\/vc_column][vc_column width=\u00a0\u00bb1\/2&Prime;][vc_column_text css=\u00a0\u00bb.vc_custom_1460538390480{margin-top: -40px !important;}\u00a0\u00bb]<\/p>\n<h2><span class=\"skin_color sanabel_shortcode_1\"  style=\"color:#6dab3c; \">Th\u00e9rapie Cranio Sacr\u00e9e \/ Soins \u00e9nerg\u00e9tiques<\/span><\/h2>\n<p><strong>Adulte<\/strong><\/p>\n<p>1h \u2013 65 \u20ac \u2013 \u00e0 la premi\u00e8re s\u00e9ance j\u2019offre 15 minutes suppl\u00e9mentaires gratuites pour vous d\u00e9couvrir, vos attentes, vos besoins et vos aspirations<\/p>\n<p>1h30 \u2013 85 \u20ac<\/p>\n<p>4 soins d&rsquo;1h &#8211; 220 \u20ac au lieu de 260 \u20ac, soit le soin \u00e0 55 \u20ac (sans date limite)<\/p>\n<p><strong>Enfant\/B\u00e9b\u00e9<\/strong><\/p>\n<p>Premi\u00e8re s\u00e9ance 45 minutes \u2013 45 \u20ac<\/p>\n<p>Suivi 30 minutes \u2013 30 \u20ac<\/p>\n<p><strong>Adolescent<\/strong>\u00a0 (\u00e0 partir d\u2019environ 13 ans)\u00a0:<\/p>\n<p>45 minutes \u2013 45 \u20ac<br \/>\n<div class=\"space_shortcode\" style=\"height:3px; \"><\/div><br \/>\n<span class=\"skin_color sanabel_shortcode_2\"  style=\"color:#61A611; font-weight:400; \">Promotions permanentes :<\/span><br \/>\n<div class=\"space_shortcode\" style=\"height:2px; \"><\/div>\n<ul>\n<li>Carte de fid\u00e9lit\u00e9 : Venez pour 4 soins et vous paierez 10 \u20ac en moins sur votre 5\u00e8me soin (sans date limite)<\/li>\n<li>5 \u20ac de r\u00e9duction pour une recommandation qui r\u00e9sulte en une r\u00e9servation<\/li>\n<\/ul>\n<p>[\/vc_column_text][vc_column_text]<\/p>\n<h2><span class=\"skin_color sanabel_shortcode_3\"  style=\"color:#6dab3c; \">Cours de Yoga<\/span><\/h2>\n<p>Pour les cours, contactez moi, les formules varient selon le lieu et si c&rsquo;est un cours en groupe ou une s\u00e9ance individuelle.<\/p>\n<p>Pour le moment je ne propose que des cours priv\u00e9s, en individuel, par 2 ou 3 ou en plus grand groupe. Mon offre \u00e9volue au fil du temps, je lancerai peut \u00eatre bient\u00f4t un cours ouvert au public : contactez moi pour plus d&rsquo;informations.<br \/>\nEn attendant, si vous avez envie de s\u00e9ances personnalis\u00e9es, chez moi ou chez vous, \u00e0 go\u00fbter seul ou \u00e0 partager avec quelques autres personnes, nous pouvons en discuter avec plaisir. Si vous avez un groupe, et un lieu possible pour un cours priv\u00e9 de plus grande taille, parlons en aussi.\u00a0 <i class=\"icon_shortcode sanabel_shortcode_4  fa fa-arrow-right icon_align_center\" style=\"color:#5AA1E3; \"><\/i>\u00a0 <a href=\"http:\/\/en-accord.fr\/index.php\/contact\/\">CONTACT<\/a>[\/vc_column_text][vc_column_text]<\/p>\n<h2><span class=\"skin_color sanabel_shortcode_5\"  style=\"color:#6dab3c; \">Compl\u00e9ments alimentaires Synergy WorldWide<\/span><\/h2>\n<p>Pour les compl\u00e9ments alimentaires que je recommande et distribue,<br \/>\nvoir la section\u00a0 <i class=\"icon_shortcode sanabel_shortcode_6  fa fa-arrow-right icon_align_center\" style=\"color:#5AA1E3; \"><\/i>\u00a0 <a href=\"http:\/\/en-accord.fr\/index.php\/boutique\/\">BOUTIQUE<\/a>[\/vc_column_text][vc_column_text]<\/p>\n<h2><span class=\"skin_color sanabel_shortcode_7\"  style=\"color:#6dab3c; \">S\u00e9ance de bilan et d\u00e9couverte \u2013 45 minutes &#8211; 25 \u20ac<\/span><\/h2>\n<p>Offrez vous 45 minutes pour d\u00e9couvrir les soins, cours et produits que je propose.<\/p>\n<p><strong>BONUS<\/strong> : 10 \u20ac offerts sur les soins ou les cours suite \u00e0 une s\u00e9ance bilan et d\u00e9couverte<\/p>\n<p>Un temps pour soi, pour faire un bilan sur sa sant\u00e9, et d\u00e9couvrir comment am\u00e9liorer votre bien-\u00eatre gr\u00e2ce \u00e0 la gamme des pratiques \u00e9nerg\u00e9tiques que je propose ou que je recommande. Prenez rendez-vous avec vous-m\u00eame : venez et nous discuterons de vos besoins, de vos attentes, de vos envies de changement dans le domaine du bien \u00eatre et de la sant\u00e9 \u2013 ou de changements plus personnels, et nous trouverons ensemble des conseils personnalis\u00e9s \u2013 ce sera un projet \u00e0 construire entre vous et moi, pour \u00e9nergiser votre vie.<\/p>\n<p>Vous pourrez notamment :<\/p>\n<ul>\n<li>\u00e9tablir un bilan de votre sant\u00e9 et bien-\u00eatre physique et int\u00e9rieur<\/li>\n<li>comprendre ce qu\u2019est la Th\u00e9rapie Cranio-Sacr\u00e9e et ce qu\u2019elle peut vous apporter<\/li>\n<li>faire votre bilan \u00abBioAge\u00bb : gr\u00e2ce \u00e0 un appareil qui mesure l\u2019\u00e2ge r\u00e9el de vos art\u00e8res, en testant leur souplesse notamment, cela vous donnera une indication pr\u00e9cieuse sur votre sant\u00e9 cardiovasculaire.<\/li>\n<li>discuter des bienfaits des soins \u00e9nerg\u00e9tiques et des cours que je propose<\/li>\n<li>d\u00e9couvrir les bienfaits des compl\u00e9ments alimentaires de la gamme Synergy WorldWide &#8211; et les go\u00fbter si vous le souhaitez<\/li>\n<li>d\u00e9terminer un plan d\u2019action personnalis\u00e9 pour vous lancer, \u00e9tape par \u00e9tape<\/li>\n<\/ul>\n<p>Selon vos besoins et vos attentes, je vous recommanderai peut \u00eatre aussi d\u2019autres th\u00e9rapies et th\u00e9rapeutes, d\u2019autres produits ou programmes que je ne propose pas moi-m\u00eame, mais qui pourraient vous faire du bien.[\/vc_column_text][vc_column_text]<\/p>\n<h2><span class=\"skin_color sanabel_shortcode_8\"  style=\"color:#6dab3c; \">Bons cadeaux disponibles pour anniversaires, remerciements etc<\/span><\/h2>\n<p>Offrez un moment de grande d\u00e9tente avec un soin, un moment tonifiant avec un cours, ou un produit. Voir\u00a0 <i class=\"icon_shortcode sanabel_shortcode_9  fa fa-arrow-right icon_align_center\" style=\"color:#5AA1E3; \"><\/i><a href=\"http:\/\/en-accord.fr\/index.php\/boutique\/\">\u00a0 BOUTIQUE<\/a>[\/vc_column_text][\/vc_column][vc_column width=\u00a0\u00bb1\/4&Prime;][\/vc_column][\/vc_row]<\/p>\n","protected":false},"excerpt":{"rendered":"<p>[vc_row][vc_column][vc_empty_space height=\u00a0\u00bb15px\u00a0\u00bb][\/vc_column][\/vc_row][vc_row][vc_column width=\u00a0\u00bb1\/3&Prime;][\/vc_column][vc_column width=\u00a0\u00bb1\/3&Prime;][vc_column_text] Tarifs [\/vc_column_text][\/vc_column][vc_column width=\u00a0\u00bb1\/3&Prime;][\/vc_column][\/vc_row][vc_row][vc_column width=\u00a0\u00bb1\/4&Prime;][vc_single_image image=\u00a0\u00bb1220&Prime; img_size=\u00a0\u00bb300&#215;450&Prime; style=\u00a0\u00bbvc_box_rounded\u00a0\u00bb css=\u00a0\u00bb.vc_custom_1458845105153{padding-right: 10px !important;}\u00a0\u00bb][\/vc_column][vc_column width=\u00a0\u00bb1\/2&Prime;][vc_column_text css=\u00a0\u00bb.vc_custom_1460538390480{margin-top: -40px !important;}\u00a0\u00bb] Adulte 1h \u2013 65 \u20ac \u2013 \u00e0 la premi\u00e8re s\u00e9ance j\u2019offre 15 minutes suppl\u00e9mentaires gratuites pour vous d\u00e9couvrir, vos attentes, vos besoins et vos aspirations 1h30 \u2013 85 \u20ac 4 soins d&rsquo;1h &#8211; 220 \u20ac au lieu [&hellip;]<\/p>\n","protected":false},"author":1,"featured_media":0,"parent":0,"menu_order":0,"comment_status":"open","ping_status":"open","template":"","meta":{"footnotes":""},"class_list":["post-33","page","type-page","status-publish","hentry"],"_links":{"self":[{"href":"https:\/\/en-accord.fr\/index.php\/wp-json\/wp\/v2\/pages\/33","targetHints":{"allow":["GET"]}}],"collection":[{"href":"https:\/\/en-accord.fr\/index.php\/wp-json\/wp\/v2\/pages"}],"about":[{"href":"https:\/\/en-accord.fr\/index.php\/wp-json\/wp\/v2\/types\/page"}],"author":[{"embeddable":true,"href":"https:\/\/en-accord.fr\/index.php\/wp-json\/wp\/v2\/users\/1"}],"replies":[{"embeddable":true,"href":"https:\/\/en-accord.fr\/index.php\/wp-json\/wp\/v2\/comments?post=33"}],"version-history":[{"count":114,"href":"https:\/\/en-accord.fr\/index.php\/wp-json\/wp\/v2\/pages\/33\/revisions"}],"predecessor-version":[{"id":1442,"href":"https:\/\/en-accord.fr\/index.php\/wp-json\/wp\/v2\/pages\/33\/revisions\/1442"}],"wp:attachment":[{"href":"https:\/\/en-accord.fr\/index.php\/wp-json\/wp\/v2\/media?parent=33"}],"curies":[{"name":"wp","href":"https:\/\/api.w.org\/{rel}","templated":true}]}}