{"id":1308,"date":"2016-03-29T07:52:31","date_gmt":"2016-03-29T07:52:31","guid":{"rendered":"http:\/\/en-accord.fr\/?page_id=1308"},"modified":"2018-07-04T12:35:23","modified_gmt":"2018-07-04T12:35:23","slug":"liens-de-qualite","status":"publish","type":"page","link":"https:\/\/en-accord.fr\/index.php\/liens-de-qualite\/","title":{"rendered":"Liens de qualit\u00e9"},"content":{"rendered":"<p>[vc_row][vc_column][vc_column_text]<\/p>\n<h2 style=\"text-align: center;\">Liens de qualit\u00e9<\/h2>\n<p>[\/vc_column_text][\/vc_column][\/vc_row][vc_row][vc_column width=\u00a0\u00bb1\/4&Prime;][vc_single_image image=\u00a0\u00bb1248&Prime; img_size=\u00a0\u00bb400&#215;400&Prime; style=\u00a0\u00bbvc_box_rounded\u00a0\u00bb][\/vc_column][vc_column width=\u00a0\u00bb1\/2&Prime;][vc_column_text]<strong>Web-doula de\u00a0qualit\u00e9, et plus<\/strong><\/p>\n<p>Viveca Llorens<\/p>\n<p>Web doula de grande\u00a0qualit\u00e9, qui aide micro-entrepreneurs et entreprises \u00e0\u00a0accoucher de sites internets qui leurs correspondent. Et de soi-m\u00eame dans le processus !<br \/>\nMulti entrepreneuse de talent. Aux multiples facettes.<\/p>\n<p>Site webdesign :\u00a0<a href=\"https:\/\/vivecallorens.com\/\" target=\"_blank\" rel=\"noopener\">www.vivecallorens.com<\/a><br \/>\nT\u00e9l\u00e9phone 06 27 20 31 39<\/p>\n<p>&nbsp;<\/p>\n<p><strong>Qi gong de\u00a0qualit\u00e9\u00a0<\/strong><\/p>\n<p><a href=\"http:\/\/www.qigong-versailles.fr\/\" target=\"_blank\" rel=\"noopener\">www.qigong-versailles.fr<\/a><\/p>\n<p>Notamment un cours merveilleux au parc de St Germain, payable \u00e0 la s\u00e9ance.<br \/>\nLe meilleur moyen de se connecter \u00e0 soi m\u00eame et \u00e0 la nature, et de se ressourcer en profondeur.<\/p>\n<p>&nbsp;<\/p>\n<p><strong>Coach de\u00a0qualit\u00e9: Eve Federici<\/strong><\/p>\n<p>C&rsquo;Eve ma Coach<br \/>\nT\u00e9l\u00e9phone 06 84 62 63 94<br \/>\n<a href=\"mailto:federici@wanadoo.fr\">federici@wanadoo.fr<\/a><\/p>\n<p>Avec Pr\u00e9sence et Attention<br \/>\nC&rsquo;Eve<br \/>\nCoach en R\u00e9ussite et R\u00e9v\u00e9latrice de Potentiel<br \/>\nQue vous ayez des questions d\u2019ordre personnel ou professionnel ou les deux, Eve saura vous accompagner avec sa grande qualit\u00e9 d\u2019\u00e9coute.<\/p>\n<p>&nbsp;<\/p>\n<p><strong>Hypnoth\u00e9rapie<\/strong><\/p>\n<p>Sandrine Labat<\/p>\n<p>L\u2019hypnoth\u00e9rapie peut faire peur, on peut croire qu\u2019on va perdre le contr\u00f4le et donner la main sur nous \u00e0 quelqu\u2019un. Bien au contraire, avec Sandrine Labat, hypnoth\u00e9rapeute certifi\u00e9e (<em>nom de la m\u00e9thode<\/em>) elle vous met en confiance et prend le temps de poser le d\u00e9cor, de d\u00e9cortiquer ce qui vous d\u00e9range chez vous et dans votre vie, et ce que vous aimeriez changer &#8211; physiquement, psychologiquement ou \u00e9motionnellement, pour que finalement plus que jamais on se prenne la main soi m\u00eame, et on se d\u00e9couvre d\u2019une mani\u00e8re toute nouvelle. Au doux son de sa voix, vous partez pour un d\u00e9licieux voyage dans les m\u00e9andres de votre inconscient et vous mettez en lumi\u00e8re des mani\u00e8res d\u2019avancer qui vous sont personnelles. Si vous avez envie d\u2019explorer votre inconscient sans passer par des ann\u00e9es de psychoth\u00e9rapie ou psychanalyse, foncez voir Sandrine et faites un travail sur vous d\u2019une profondeur in\u00e9gal\u00e9e. Vous d\u00e9couvrirez des parties de vous m\u00eame que vous ne connaissiez pas, dont vous n\u2019aviez pas conscience. Son cabinet est un havre de paix et de d\u00e9veloppement personnel.<\/p>\n<p>&nbsp;<\/p>\n<p><strong>Kin\u00e9siologie<\/strong><\/p>\n<p>B\u00e9atrice St P\u00e9ron<\/p>\n<p>&nbsp;<\/p>\n<p><strong>Ost\u00e9opathie<\/strong><\/p>\n<p>Perrine Souchaud<\/p>\n<p>&nbsp;<\/p>\n<p><strong>Sophrologie<\/strong><\/p>\n<p>St\u00e9phanie[\/vc_column_text][\/vc_column][vc_column width=\u00a0\u00bb1\/4&Prime;][\/vc_column][\/vc_row]<\/p>\n","protected":false},"excerpt":{"rendered":"<p>[vc_row][vc_column][vc_column_text] Liens de qualit\u00e9 [\/vc_column_text][\/vc_column][\/vc_row][vc_row][vc_column width=\u00a0\u00bb1\/4&Prime;][vc_single_image image=\u00a0\u00bb1248&Prime; img_size=\u00a0\u00bb400&#215;400&Prime; style=\u00a0\u00bbvc_box_rounded\u00a0\u00bb][\/vc_column][vc_column width=\u00a0\u00bb1\/2&Prime;][vc_column_text]Web-doula de\u00a0qualit\u00e9, et plus Viveca Llorens Web doula de grande\u00a0qualit\u00e9, qui aide micro-entrepreneurs et entreprises \u00e0\u00a0accoucher de sites internets qui leurs correspondent. Et de soi-m\u00eame dans le processus ! Multi entrepreneuse de talent. Aux multiples facettes. Site webdesign :\u00a0www.vivecallorens.com T\u00e9l\u00e9phone 06 27 20 31 39 &nbsp; [&hellip;]<\/p>\n","protected":false},"author":1,"featured_media":0,"parent":0,"menu_order":0,"comment_status":"closed","ping_status":"closed","template":"","meta":{"footnotes":""},"class_list":["post-1308","page","type-page","status-publish","hentry"],"_links":{"self":[{"href":"https:\/\/en-accord.fr\/index.php\/wp-json\/wp\/v2\/pages\/1308","targetHints":{"allow":["GET"]}}],"collection":[{"href":"https:\/\/en-accord.fr\/index.php\/wp-json\/wp\/v2\/pages"}],"about":[{"href":"https:\/\/en-accord.fr\/index.php\/wp-json\/wp\/v2\/types\/page"}],"author":[{"embeddable":true,"href":"https:\/\/en-accord.fr\/index.php\/wp-json\/wp\/v2\/users\/1"}],"replies":[{"embeddable":true,"href":"https:\/\/en-accord.fr\/index.php\/wp-json\/wp\/v2\/comments?post=1308"}],"version-history":[{"count":17,"href":"https:\/\/en-accord.fr\/index.php\/wp-json\/wp\/v2\/pages\/1308\/revisions"}],"predecessor-version":[{"id":1430,"href":"https:\/\/en-accord.fr\/index.php\/wp-json\/wp\/v2\/pages\/1308\/revisions\/1430"}],"wp:attachment":[{"href":"https:\/\/en-accord.fr\/index.php\/wp-json\/wp\/v2\/media?parent=1308"}],"curies":[{"name":"wp","href":"https:\/\/api.w.org\/{rel}","templated":true}]}}